{"id":413,"date":"2020-04-27T14:16:33","date_gmt":"2020-04-27T12:16:33","guid":{"rendered":"http:\/\/bouffscene.fr\/?page_id=413"},"modified":"2025-06-21T11:55:06","modified_gmt":"2025-06-21T09:55:06","slug":"cours-enfants","status":"publish","type":"page","link":"https:\/\/bouffscene.fr\/?page_id=413","title":{"rendered":"COURS ENFANTS"},"content":{"rendered":"<article class=\"col-md-12\">\n<div class=\"post-290 page type-page status-publish has-post-thumbnail hentry\">\n<div class=\"main-content-page\">\n<div class=\"entry-content\">\n<div class=\"page\" title=\"Page 1\">\n<div class=\"section\">\n<div class=\"layoutArea\">\n<div class=\"column\">\n<h2>\u00a0<\/h2>\n<h5><span style=\"color: #3366ff;\">D\u00e9tente<\/span> et bonne humeur. On est l\u00e0 pour <span style=\"color: #3366ff;\">s\u2019amuser<\/span> avant tout.<\/h5>\n<\/div>\n<\/div>\n<\/div>\n<p>&nbsp;<\/p>\n<\/div>\n<h1>\u00a0<\/h1>\n<h1 style=\"text-align: center;\"><span style=\"color: #3366ff;\"><strong>COURS ENFANTS<\/strong><\/span><\/h1>\n<p>&nbsp;<\/p>\n<p>Pour les 4\/6 ans (Grande Section Maternelle \u00e0 CE2), le Samedi de 10H00 \u00e0 11H00<br \/>Tarif: 45\u20ac\/mois + 15\u20ac de frais d\u2019inscription<\/p>\n<p>&nbsp;<\/p>\n<p>Pour les 7\/11 ans (CM1 \u00e0 6\u00e8me), le Samedi de 11H00 \u00e0 12H00<br \/>Tarif: 45\u20ac\/mois + 15\u20ac de frais\u00a0d\u2019inscription<\/p>\n<p>&nbsp;<\/p>\n<p>Comprenant 1 spectacle par an<\/p>\n<\/div>\n<\/div>\n<div>\u00a0<\/div>\n<div class=\"main-content-page\">\n<div class=\"entry-content\">\n<div>\u00a0<\/div>\n<div>\u00a0<\/div>\n<div>\u00a0<\/div>\n<div><strong><u>Professeurs :<\/u><\/strong><\/div>\n<div>\u00a0<\/div>\n<div>* Magali EXIBARD : Professeur de th\u00e9\u00e2tre et metteur en sc\u00e8ne<\/div>\n<\/div>\n<\/div>\n<\/div>\n<\/article>\n","protected":false},"excerpt":{"rendered":"<p>\u00a0 D\u00e9tente et bonne humeur. On est l\u00e0 pour s\u2019amuser avant tout. &nbsp; \u00a0 COURS ENFANTS &nbsp; Pour les 4\/6 ans (Grande Section Maternelle \u00e0 CE2), le Samedi de 10H00 \u00e0 11H00Tarif: 45\u20ac\/mois + 15\u20ac de frais d\u2019inscription &nbsp; Pour les 7\/11 ans (CM1 \u00e0 6\u00e8me), le Samedi de 11H00 \u00e0 12H00Tarif: 45\u20ac\/mois + 15\u20ac de frais\u00a0d\u2019inscription &nbsp; Comprenant 1 spectacle par an \u00a0 \u00a0 \u00a0 \u00a0 Professeurs : \u00a0 * Magali EXIBARD : Professeur de th\u00e9\u00e2tre et metteur en sc\u00e8ne<\/p>\n","protected":false},"author":1,"featured_media":0,"parent":0,"menu_order":0,"comment_status":"closed","ping_status":"closed","template":"","meta":{"footnotes":""},"class_list":["post-413","page","type-page","status-publish","hentry"],"_links":{"self":[{"href":"https:\/\/bouffscene.fr\/index.php?rest_route=\/wp\/v2\/pages\/413"}],"collection":[{"href":"https:\/\/bouffscene.fr\/index.php?rest_route=\/wp\/v2\/pages"}],"about":[{"href":"https:\/\/bouffscene.fr\/index.php?rest_route=\/wp\/v2\/types\/page"}],"author":[{"embeddable":true,"href":"https:\/\/bouffscene.fr\/index.php?rest_route=\/wp\/v2\/users\/1"}],"replies":[{"embeddable":true,"href":"https:\/\/bouffscene.fr\/index.php?rest_route=%2Fwp%2Fv2%2Fcomments&post=413"}],"version-history":[{"count":20,"href":"https:\/\/bouffscene.fr\/index.php?rest_route=\/wp\/v2\/pages\/413\/revisions"}],"predecessor-version":[{"id":2585,"href":"https:\/\/bouffscene.fr\/index.php?rest_route=\/wp\/v2\/pages\/413\/revisions\/2585"}],"wp:attachment":[{"href":"https:\/\/bouffscene.fr\/index.php?rest_route=%2Fwp%2Fv2%2Fmedia&parent=413"}],"curies":[{"name":"wp","href":"https:\/\/api.w.org\/{rel}","templated":true}]}}